{"id":564360,"date":"2026-04-15T03:56:48","date_gmt":"2026-04-15T01:56:48","guid":{"rendered":"https:\/\/kohenavocats.com\/jurisprudences\/eclinlhr2026631-hoge-raad-10-04-2026-25-02793\/"},"modified":"2026-04-15T03:56:48","modified_gmt":"2026-04-15T01:56:48","slug":"eclinlhr2026631-hoge-raad-10-04-2026-25-02793","status":"publish","type":"kji_decision","link":"https:\/\/kohenavocats.com\/pt-pt\/jurisprudences\/eclinlhr2026631-hoge-raad-10-04-2026-25-02793\/","title":{"rendered":"ECLI:NL:HR:2026:631 Hoge Raad , 10-04-2026 \/ 25\/02793"},"content":{"rendered":"<div class=\"kji-decision\">\n<div class=\"kji-full-text\">\n<p><strong>Inhoudsindicatie.<\/strong> HR verklaart het verzoek om herziening n-o met toepassing van art. 80a RO.<\/p>\n<p>HOGE RAAD DER NEDERLANDEN<\/p>\n<p>BELASTINGKAMER<\/p>\n<p>Nummer 25\/02793<\/p>\n<p>Datum 10 april 2026<\/p>\n<p>ARREST<\/p>\n<p>op het door [X] ingediende verzoek om herziening van het arrest van de Hoge Raad der Nederlanden van 20 december 2024, nr. 23\/04469, ECLI:NL:HR:2024:1882.<\/p>\n<h3>1Beoordeling van de ontvankelijkheid van het verzoek om herziening<\/h3>\n<p>De Hoge Raad heeft het verzoek om herziening beoordeeld. De procureur-generaal bij de Hoge Raad heeft de gelegenheid gekregen een advies uit te brengen.<\/p>\n<p>De Hoge Raad is tot het oordeel gekomen dat het verzoek om herziening duidelijk niet kan slagen. Hij zal daarom gebruikmaken van de mogelijkheid om het verzoek zonder verdere motivering niet-ontvankelijk te verklaren (zie artikel 80a van de Wet op de rechterlijke organisatie).<\/p>\n<h3>2Proceskosten<\/h3>\n<p>De Hoge Raad ziet geen aanleiding voor een veroordeling in de proceskosten.<\/p>\n<h3>3Beslissing<\/h3>\n<p>De Hoge Raad verklaart het verzoek om herziening niet-ontvankelijk.<\/p>\n<p>Dit arrest is gewezen door de vice-president M.E. van Hilten als voorzitter, en de raadsheren E.N. Punt en M.A. Fierstra, in tegenwoordigheid van de waarnemend griffier E. Cichowski, en in het openbaar uitgesproken op 10 april 2026.<\/p>\n<\/div>\n<hr class=\"kji-sep\" \/>\n<p class=\"kji-source-links\"><strong>Sources officielles :<\/strong> <a class=\"kji-source-link\" href=\"http:\/\/deeplink.rechtspraak.nl\/uitspraak?id=ECLI:NL:HR:2026:631\" target=\"_blank\" rel=\"noopener noreferrer\">consulter la page source<\/a><\/p>\n<p class=\"kji-license-note\"><em>Rechtspraak.nl open data, Creative Commons Zero. Volume cible 1.8M decisions.<\/em><\/p>\n<\/div>\n","protected":false},"excerpt":{"rendered":"<p>HR verklaart het verzoek om herziening n-o met toepassing van art. 80a RO.<\/p>\n","protected":false},"featured_media":0,"template":"","meta":{"_crdt_document":""},"kji_country":[7669],"kji_court":[7834],"kji_chamber":[],"kji_year":[7610],"kji_subject":[7646],"kji_keyword":[8104,8610,8608,7814],"kji_language":[7671],"class_list":["post-564360","kji_decision","type-kji_decision","status-publish","hentry","kji_country-pays-bas","kji_court-hoge-raad","kji_year-7610","kji_subject-divers","kji_keyword-herziening","kji_keyword-toepassing","kji_keyword-verklaart","kji_keyword-verzoek","kji_language-nl"],"yoast_head":"<!-- This site is optimized with the Yoast SEO Premium plugin v27.4 (Yoast SEO v27.4) - https:\/\/yoast.com\/product\/yoast-seo-premium-wordpress\/ -->\n<title>ECLI:NL:HR:2026:631 Hoge Raad , 10-04-2026 \/ 25\/02793 - Ma\u00eetre Hassan Kohen, avocat en droit p\u00e9nal \u00e0 Paris<\/title>\n<meta name=\"robots\" content=\"index, follow, max-snippet:-1, max-image-preview:large, max-video-preview:-1\" \/>\n<link rel=\"canonical\" href=\"https:\/\/kohenavocats.com\/pt-pt\/jurisprudences\/eclinlhr2026631-hoge-raad-10-04-2026-25-02793\/\" \/>\n<meta property=\"og:locale\" content=\"pt_PT\" \/>\n<meta property=\"og:type\" content=\"article\" \/>\n<meta property=\"og:title\" content=\"ECLI:NL:HR:2026:631 Hoge Raad , 10-04-2026 \/ 25\/02793\" \/>\n<meta property=\"og:description\" content=\"HR verklaart het verzoek om herziening n-o met toepassing van art. 80a RO.\" \/>\n<meta property=\"og:url\" content=\"https:\/\/kohenavocats.com\/pt-pt\/jurisprudences\/eclinlhr2026631-hoge-raad-10-04-2026-25-02793\/\" \/>\n<meta property=\"og:site_name\" content=\"Ma\u00eetre Hassan Kohen, avocat en droit p\u00e9nal \u00e0 Paris\" \/>\n<meta name=\"twitter:card\" content=\"summary_large_image\" \/>\n<meta name=\"twitter:label1\" content=\"Tempo estimado de leitura\" \/>\n\t<meta name=\"twitter:data1\" content=\"1 minuto\" \/>\n<script type=\"application\/ld+json\" class=\"yoast-schema-graph\">{\"@context\":\"https:\\\/\\\/schema.org\",\"@graph\":[{\"@type\":\"WebPage\",\"@id\":\"https:\\\/\\\/kohenavocats.com\\\/pt-pt\\\/jurisprudences\\\/eclinlhr2026631-hoge-raad-10-04-2026-25-02793\\\/\",\"url\":\"https:\\\/\\\/kohenavocats.com\\\/pt-pt\\\/jurisprudences\\\/eclinlhr2026631-hoge-raad-10-04-2026-25-02793\\\/\",\"name\":\"ECLI:NL:HR:2026:631 Hoge Raad , 10-04-2026 \\\/ 25\\\/02793 - Ma\u00eetre Hassan Kohen, avocat en droit p\u00e9nal \u00e0 Paris\",\"isPartOf\":{\"@id\":\"https:\\\/\\\/kohenavocats.com\\\/pt-pt\\\/#website\"},\"datePublished\":\"2026-04-15T01:56:48+00:00\",\"breadcrumb\":{\"@id\":\"https:\\\/\\\/kohenavocats.com\\\/pt-pt\\\/jurisprudences\\\/eclinlhr2026631-hoge-raad-10-04-2026-25-02793\\\/#breadcrumb\"},\"inLanguage\":\"pt-PT\",\"potentialAction\":[{\"@type\":\"ReadAction\",\"target\":[\"https:\\\/\\\/kohenavocats.com\\\/pt-pt\\\/jurisprudences\\\/eclinlhr2026631-hoge-raad-10-04-2026-25-02793\\\/\"]}]},{\"@type\":\"BreadcrumbList\",\"@id\":\"https:\\\/\\\/kohenavocats.com\\\/pt-pt\\\/jurisprudences\\\/eclinlhr2026631-hoge-raad-10-04-2026-25-02793\\\/#breadcrumb\",\"itemListElement\":[{\"@type\":\"ListItem\",\"position\":1,\"name\":\"Home\",\"item\":\"https:\\\/\\\/kohenavocats.com\\\/pt-pt\\\/avocats-en-droit-penal-a-paris-conseil-et-defense-strategique\\\/\"},{\"@type\":\"ListItem\",\"position\":2,\"name\":\"Jurisprudences\",\"item\":\"https:\\\/\\\/kohenavocats.com\\\/pt-pt\\\/jurisprudences\\\/\"},{\"@type\":\"ListItem\",\"position\":3,\"name\":\"ECLI:NL:HR:2026:631 Hoge Raad , 10-04-2026 \\\/ 25\\\/02793\"}]},{\"@type\":\"WebSite\",\"@id\":\"https:\\\/\\\/kohenavocats.com\\\/pt-pt\\\/#website\",\"url\":\"https:\\\/\\\/kohenavocats.com\\\/pt-pt\\\/\",\"name\":\"Kohen Avocats\",\"description\":\"Ma\u00eetre Hassan Kohen, avocat p\u00e9naliste \u00e0 Paris, intervient exclusivement en droit p\u00e9nal pour la d\u00e9fense des particuliers, notamment en mati\u00e8re d\u2019accusations de viol. Il assure un accompagnement rigoureux d\u00e8s la garde \u00e0 vue jusqu\u2019\u00e0 la Cour d\u2019assises, veillant au strict respect des garanties proc\u00e9durales.\",\"publisher\":{\"@id\":\"https:\\\/\\\/kohenavocats.com\\\/pt-pt\\\/#organization\"},\"potentialAction\":[{\"@type\":\"SearchAction\",\"target\":{\"@type\":\"EntryPoint\",\"urlTemplate\":\"https:\\\/\\\/kohenavocats.com\\\/pt-pt\\\/?s={search_term_string}\"},\"query-input\":{\"@type\":\"PropertyValueSpecification\",\"valueRequired\":true,\"valueName\":\"search_term_string\"}}],\"inLanguage\":\"pt-PT\"},{\"@type\":\"Organization\",\"@id\":\"https:\\\/\\\/kohenavocats.com\\\/pt-pt\\\/#organization\",\"name\":\"Kohen Avocats\",\"url\":\"https:\\\/\\\/kohenavocats.com\\\/pt-pt\\\/\",\"logo\":{\"@type\":\"ImageObject\",\"inLanguage\":\"pt-PT\",\"@id\":\"https:\\\/\\\/kohenavocats.com\\\/pt-pt\\\/#\\\/schema\\\/logo\\\/image\\\/\",\"url\":\"https:\\\/\\\/kohenavocats.com\\\/wp-content\\\/uploads\\\/2026\\\/01\\\/Logo-2-1.webp\",\"contentUrl\":\"https:\\\/\\\/kohenavocats.com\\\/wp-content\\\/uploads\\\/2026\\\/01\\\/Logo-2-1.webp\",\"width\":2114,\"height\":1253,\"caption\":\"Kohen Avocats\"},\"image\":{\"@id\":\"https:\\\/\\\/kohenavocats.com\\\/pt-pt\\\/#\\\/schema\\\/logo\\\/image\\\/\"}}]}<\/script>\n<!-- \/ Yoast SEO Premium plugin. -->","yoast_head_json":{"title":"ECLI:NL:HR:2026:631 Hoge Raad , 10-04-2026 \/ 25\/02793 - Ma\u00eetre Hassan Kohen, avocat en droit p\u00e9nal \u00e0 Paris","robots":{"index":"index","follow":"follow","max-snippet":"max-snippet:-1","max-image-preview":"max-image-preview:large","max-video-preview":"max-video-preview:-1"},"canonical":"https:\/\/kohenavocats.com\/pt-pt\/jurisprudences\/eclinlhr2026631-hoge-raad-10-04-2026-25-02793\/","og_locale":"pt_PT","og_type":"article","og_title":"ECLI:NL:HR:2026:631 Hoge Raad , 10-04-2026 \/ 25\/02793","og_description":"HR verklaart het verzoek om herziening n-o met toepassing van art. 80a RO.","og_url":"https:\/\/kohenavocats.com\/pt-pt\/jurisprudences\/eclinlhr2026631-hoge-raad-10-04-2026-25-02793\/","og_site_name":"Ma\u00eetre Hassan Kohen, avocat en droit p\u00e9nal \u00e0 Paris","twitter_card":"summary_large_image","twitter_misc":{"Tempo estimado de leitura":"1 minuto"},"schema":{"@context":"https:\/\/schema.org","@graph":[{"@type":"WebPage","@id":"https:\/\/kohenavocats.com\/pt-pt\/jurisprudences\/eclinlhr2026631-hoge-raad-10-04-2026-25-02793\/","url":"https:\/\/kohenavocats.com\/pt-pt\/jurisprudences\/eclinlhr2026631-hoge-raad-10-04-2026-25-02793\/","name":"ECLI:NL:HR:2026:631 Hoge Raad , 10-04-2026 \/ 25\/02793 - Ma\u00eetre Hassan Kohen, avocat en droit p\u00e9nal \u00e0 Paris","isPartOf":{"@id":"https:\/\/kohenavocats.com\/pt-pt\/#website"},"datePublished":"2026-04-15T01:56:48+00:00","breadcrumb":{"@id":"https:\/\/kohenavocats.com\/pt-pt\/jurisprudences\/eclinlhr2026631-hoge-raad-10-04-2026-25-02793\/#breadcrumb"},"inLanguage":"pt-PT","potentialAction":[{"@type":"ReadAction","target":["https:\/\/kohenavocats.com\/pt-pt\/jurisprudences\/eclinlhr2026631-hoge-raad-10-04-2026-25-02793\/"]}]},{"@type":"BreadcrumbList","@id":"https:\/\/kohenavocats.com\/pt-pt\/jurisprudences\/eclinlhr2026631-hoge-raad-10-04-2026-25-02793\/#breadcrumb","itemListElement":[{"@type":"ListItem","position":1,"name":"Home","item":"https:\/\/kohenavocats.com\/pt-pt\/avocats-en-droit-penal-a-paris-conseil-et-defense-strategique\/"},{"@type":"ListItem","position":2,"name":"Jurisprudences","item":"https:\/\/kohenavocats.com\/pt-pt\/jurisprudences\/"},{"@type":"ListItem","position":3,"name":"ECLI:NL:HR:2026:631 Hoge Raad , 10-04-2026 \/ 25\/02793"}]},{"@type":"WebSite","@id":"https:\/\/kohenavocats.com\/pt-pt\/#website","url":"https:\/\/kohenavocats.com\/pt-pt\/","name":"Kohen Avocats","description":"Ma\u00eetre Hassan Kohen, avocat p\u00e9naliste \u00e0 Paris, intervient exclusivement en droit p\u00e9nal pour la d\u00e9fense des particuliers, notamment en mati\u00e8re d\u2019accusations de viol. Il assure un accompagnement rigoureux d\u00e8s la garde \u00e0 vue jusqu\u2019\u00e0 la Cour d\u2019assises, veillant au strict respect des garanties proc\u00e9durales.","publisher":{"@id":"https:\/\/kohenavocats.com\/pt-pt\/#organization"},"potentialAction":[{"@type":"SearchAction","target":{"@type":"EntryPoint","urlTemplate":"https:\/\/kohenavocats.com\/pt-pt\/?s={search_term_string}"},"query-input":{"@type":"PropertyValueSpecification","valueRequired":true,"valueName":"search_term_string"}}],"inLanguage":"pt-PT"},{"@type":"Organization","@id":"https:\/\/kohenavocats.com\/pt-pt\/#organization","name":"Kohen Avocats","url":"https:\/\/kohenavocats.com\/pt-pt\/","logo":{"@type":"ImageObject","inLanguage":"pt-PT","@id":"https:\/\/kohenavocats.com\/pt-pt\/#\/schema\/logo\/image\/","url":"https:\/\/kohenavocats.com\/wp-content\/uploads\/2026\/01\/Logo-2-1.webp","contentUrl":"https:\/\/kohenavocats.com\/wp-content\/uploads\/2026\/01\/Logo-2-1.webp","width":2114,"height":1253,"caption":"Kohen Avocats"},"image":{"@id":"https:\/\/kohenavocats.com\/pt-pt\/#\/schema\/logo\/image\/"}}]}},"jetpack_likes_enabled":false,"jetpack_sharing_enabled":true,"_links":{"self":[{"href":"https:\/\/kohenavocats.com\/pt-pt\/wp-json\/wp\/v2\/kji_decision\/564360","targetHints":{"allow":["GET"]}}],"collection":[{"href":"https:\/\/kohenavocats.com\/pt-pt\/wp-json\/wp\/v2\/kji_decision"}],"about":[{"href":"https:\/\/kohenavocats.com\/pt-pt\/wp-json\/wp\/v2\/types\/kji_decision"}],"wp:attachment":[{"href":"https:\/\/kohenavocats.com\/pt-pt\/wp-json\/wp\/v2\/media?parent=564360"}],"wp:term":[{"taxonomy":"kji_country","embeddable":true,"href":"https:\/\/kohenavocats.com\/pt-pt\/wp-json\/wp\/v2\/kji_country?post=564360"},{"taxonomy":"kji_court","embeddable":true,"href":"https:\/\/kohenavocats.com\/pt-pt\/wp-json\/wp\/v2\/kji_court?post=564360"},{"taxonomy":"kji_chamber","embeddable":true,"href":"https:\/\/kohenavocats.com\/pt-pt\/wp-json\/wp\/v2\/kji_chamber?post=564360"},{"taxonomy":"kji_year","embeddable":true,"href":"https:\/\/kohenavocats.com\/pt-pt\/wp-json\/wp\/v2\/kji_year?post=564360"},{"taxonomy":"kji_subject","embeddable":true,"href":"https:\/\/kohenavocats.com\/pt-pt\/wp-json\/wp\/v2\/kji_subject?post=564360"},{"taxonomy":"kji_keyword","embeddable":true,"href":"https:\/\/kohenavocats.com\/pt-pt\/wp-json\/wp\/v2\/kji_keyword?post=564360"},{"taxonomy":"kji_language","embeddable":true,"href":"https:\/\/kohenavocats.com\/pt-pt\/wp-json\/wp\/v2\/kji_language?post=564360"}],"curies":[{"name":"wp","href":"https:\/\/api.w.org\/{rel}","templated":true}]}}

<!-- This site is optimized with the Yoast SEO Premium plugin v27.4 (Yoast SEO v27.4) - https://yoast.com/product/yoast-seo-premium-wordpress/ -->
<title>ECLI:NL:HR:2026:631 Hoge Raad , 10-04-2026 / 25/02793 - Maître Hassan Kohen, avocat en droit pénal à Paris</title>
<meta name="robots" content="index, follow, max-snippet:-1, max-image-preview:large, max-video-preview:-1" />
<link rel="canonical" href="https://kohenavocats.com/pt-pt/jurisprudences/eclinlhr2026631-hoge-raad-10-04-2026-25-02793/" />
<meta property="og:locale" content="pt_PT" />
<meta property="og:type" content="article" />
<meta property="og:title" content="ECLI:NL:HR:2026:631 Hoge Raad , 10-04-2026 / 25/02793" />
<meta property="og:description" content="HR verklaart het verzoek om herziening n-o met toepassing van art. 80a RO." />
<meta property="og:url" content="https://kohenavocats.com/pt-pt/jurisprudences/eclinlhr2026631-hoge-raad-10-04-2026-25-02793/" />
<meta property="og:site_name" content="Maître Hassan Kohen, avocat en droit pénal à Paris" />
<meta name="twitter:card" content="summary_large_image" />
<meta name="twitter:label1" content="Tempo estimado de leitura" />
	<meta name="twitter:data1" content="1 minuto" />
<script type="application/ld+json" class="yoast-schema-graph">{"@context":"https:\/\/schema.org","@graph":[{"@type":"WebPage","@id":"https:\/\/kohenavocats.com\/pt-pt\/jurisprudences\/eclinlhr2026631-hoge-raad-10-04-2026-25-02793\/","url":"https:\/\/kohenavocats.com\/pt-pt\/jurisprudences\/eclinlhr2026631-hoge-raad-10-04-2026-25-02793\/","name":"ECLI:NL:HR:2026:631 Hoge Raad , 10-04-2026 \/ 25\/02793 - Maître Hassan Kohen, avocat en droit pénal à Paris","isPartOf":{"@id":"https:\/\/kohenavocats.com\/pt-pt\/#website"},"datePublished":"2026-04-15T01:56:48+00:00","breadcrumb":{"@id":"https:\/\/kohenavocats.com\/pt-pt\/jurisprudences\/eclinlhr2026631-hoge-raad-10-04-2026-25-02793\/#breadcrumb"},"inLanguage":"pt-PT","potentialAction":[{"@type":"ReadAction","target":["https:\/\/kohenavocats.com\/pt-pt\/jurisprudences\/eclinlhr2026631-hoge-raad-10-04-2026-25-02793\/"]}]},{"@type":"BreadcrumbList","@id":"https:\/\/kohenavocats.com\/pt-pt\/jurisprudences\/eclinlhr2026631-hoge-raad-10-04-2026-25-02793\/#breadcrumb","itemListElement":[{"@type":"ListItem","position":1,"name":"Home","item":"https:\/\/kohenavocats.com\/pt-pt\/avocats-en-droit-penal-a-paris-conseil-et-defense-strategique\/"},{"@type":"ListItem","position":2,"name":"Jurisprudences","item":"https:\/\/kohenavocats.com\/pt-pt\/jurisprudences\/"},{"@type":"ListItem","position":3,"name":"ECLI:NL:HR:2026:631 Hoge Raad , 10-04-2026 \/ 25\/02793"}]},{"@type":"WebSite","@id":"https:\/\/kohenavocats.com\/pt-pt\/#website","url":"https:\/\/kohenavocats.com\/pt-pt\/","name":"Kohen Avocats","description":"Maître Hassan Kohen, avocat pénaliste à Paris, intervient exclusivement en droit pénal pour la défense des particuliers, notamment en matière d’accusations de viol. Il assure un accompagnement rigoureux dès la garde à vue jusqu’à la Cour d’assises, veillant au strict respect des garanties procédurales.","publisher":{"@id":"https:\/\/kohenavocats.com\/pt-pt\/#organization"},"potentialAction":[{"@type":"SearchAction","target":{"@type":"EntryPoint","urlTemplate":"https:\/\/kohenavocats.com\/pt-pt\/?s={search_term_string}"},"query-input":{"@type":"PropertyValueSpecification","valueRequired":true,"valueName":"search_term_string"}}],"inLanguage":"pt-PT"},{"@type":"Organization","@id":"https:\/\/kohenavocats.com\/pt-pt\/#organization","name":"Kohen Avocats","url":"https:\/\/kohenavocats.com\/pt-pt\/","logo":{"@type":"ImageObject","inLanguage":"pt-PT","@id":"https:\/\/kohenavocats.com\/pt-pt\/#\/schema\/logo\/image\/","url":"https:\/\/kohenavocats.com\/wp-content\/uploads\/2026\/01\/Logo-2-1.webp","contentUrl":"https:\/\/kohenavocats.com\/wp-content\/uploads\/2026\/01\/Logo-2-1.webp","width":2114,"height":1253,"caption":"Kohen Avocats"},"image":{"@id":"https:\/\/kohenavocats.com\/pt-pt\/#\/schema\/logo\/image\/"}}]}</script>
<!-- / Yoast SEO Premium plugin. -->

ECLI:NL:HR:2026:631 Hoge Raad , 10-04-2026 / 25/02793 - Maître Hassan Kohen, avocat en droit pénal à Paris

Maître Hassan Kohen, avocat en droit pénal à Paris

Maître Hassan Kohen, avocat pénaliste à Paris, intervient exclusivement en droit pénal pour la défense des particuliers, notamment en matière d’accusations de viol. Il assure un accompagnement rigoureux dès la garde à vue jusqu’à la Cour d’assises, veillant au strict respect des garanties procédurales.
