{"version":"1.0","provider_name":"Ma\u00eetre Hassan Kohen, avocat en droit p\u00e9nal \u00e0 Paris","provider_url":"https:\/\/kohenavocats.com\/ru\/","author_name":"Ma\u00eetre Hassan Kohen, avocat en droit p\u00e9nal \u00e0 Paris","author_url":"https:\/\/kohenavocats.com\/ru\/","title":"KHO:2021:139 - Yrkesutbildning","type":"rich","width":600,"height":338,"html":"<blockquote class=\"wp-embedded-content\" data-secret=\"X7wF1GCG0V\"><a href=\"https:\/\/kohenavocats.com\/ru\/jurisprudences\/kho2021139-yrkesutbildning\/\">KHO:2021:139 &#8212; Yrkesutbildning<\/a><\/blockquote><iframe sandbox=\"allow-scripts\" security=\"restricted\" src=\"https:\/\/kohenavocats.com\/ru\/jurisprudences\/kho2021139-yrkesutbildning\/embed\/#?secret=X7wF1GCG0V\" width=\"600\" height=\"338\" title=\"\u00abKHO:2021:139 &#8212; Yrkesutbildning\u00bb &#8212; Ma\u00eetre Hassan Kohen, avocat en droit p\u00e9nal \u00e0 Paris\" data-secret=\"X7wF1GCG0V\" frameborder=\"0\" marginwidth=\"0\" marginheight=\"0\" scrolling=\"no\" class=\"wp-embedded-content\"><\/iframe><script>\n\/*! This file is auto-generated *\/\n!function(d,l){\"use strict\";l.querySelector&&d.addEventListener&&\"undefined\"!=typeof URL&&(d.wp=d.wp||{},d.wp.receiveEmbedMessage||(d.wp.receiveEmbedMessage=function(e){var t=e.data;if((t||t.secret||t.message||t.value)&&!\/[^a-zA-Z0-9]\/.test(t.secret)){for(var s,r,n,a=l.querySelectorAll('iframe[data-secret=\"'+t.secret+'\"]'),o=l.querySelectorAll('blockquote[data-secret=\"'+t.secret+'\"]'),c=new RegExp(\"^https?:$\",\"i\"),i=0;i<o.length;i++)o[i].style.display=\"none\";for(i=0;i<a.length;i++)s=a[i],e.source===s.contentWindow&&(s.removeAttribute(\"style\"),\"height\"===t.message?(1e3<(r=parseInt(t.value,10))?r=1e3:~~r<200&&(r=200),s.height=r):\"link\"===t.message&&(r=new URL(s.getAttribute(\"src\")),n=new URL(t.value),c.test(n.protocol))&&n.host===r.host&&l.activeElement===s&&(d.top.location.href=t.value))}},d.addEventListener(\"message\",d.wp.receiveEmbedMessage,!1),l.addEventListener(\"DOMContentLoaded\",function(){for(var e,t,s=l.querySelectorAll(\"iframe.wp-embedded-content\"),r=0;r<s.length;r++)(t=(e=s[r]).getAttribute(\"data-secret\"))||(t=Math.random().toString(36).substring(2,12),e.src+=\"#?secret=\"+t,e.setAttribute(\"data-secret\",t)),e.contentWindow.postMessage({message:\"ready\",secret:t},\"*\")},!1)))}(window,document);\n\/\/# sourceURL=https:\/\/kohenavocats.com\/wp-includes\/js\/wp-embed.min.js\n<\/script>\n","description":"F\u00f6rvaltningsdomstolen upph\u00e4vde det beslut som yrkesl\u00e4roanstaltens kollegiala organ hade fattat med vilket grundexamensstuderande A i september 2019 f\u00f6r viss tid avst\u00e4ngdes fr\u00e5n l\u00e4roanstalten fram till slutet av maj 2020. L\u00e4roanstalten anf\u00f6rde besv\u00e4r \u00f6ver f\u00f6rvaltningsdomstolens beslut. H\u00f6gsta f\u00f6rvaltningsdomstolen konstaterade att en tidsbunden avst\u00e4ngning av en studerande till sin natur \u00e4r ett disciplin\u00e4rt straff som med anledning..."}

Maître Hassan Kohen, avocat en droit pénal à Paris

<blockquote class="wp-embedded-content" data-secret="X7wF1GCG0V"><a href="https://kohenavocats.com/ru/jurisprudences/kho2021139-yrkesutbildning/">KHO:2021:139 &#8212; Yrkesutbildning</a></blockquote><iframe sandbox="allow-scripts" security="restricted" src="https://kohenavocats.com/ru/jurisprudences/kho2021139-yrkesutbildning/embed/#?secret=X7wF1GCG0V" width="600" height="338" title="«KHO:2021:139 &#8212; Yrkesutbildning» &#8212; Maître Hassan Kohen, avocat en droit pénal à Paris" data-secret="X7wF1GCG0V" frameborder="0" marginwidth="0" marginheight="0" scrolling="no" class="wp-embedded-content"></iframe><script>
/*! This file is auto-generated */
!function(d,l){"use strict";l.querySelector&&d.addEventListener&&"undefined"!=typeof URL&&(d.wp=d.wp||{},d.wp.receiveEmbedMessage||(d.wp.receiveEmbedMessage=function(e){var t=e.data;if((t||t.secret||t.message||t.value)&&!/[^a-zA-Z0-9]/.test(t.secret)){for(var s,r,n,a=l.querySelectorAll('iframe[data-secret="'+t.secret+'"]'),o=l.querySelectorAll('blockquote[data-secret="'+t.secret+'"]'),c=new RegExp("^https?:$","i"),i=0;i<o.length;i++)o[i].style.display="none";for(i=0;i<a.length;i++)s=a[i],e.source===s.contentWindow&&(s.removeAttribute("style"),"height"===t.message?(1e3<(r=parseInt(t.value,10))?r=1e3:~~r<200&&(r=200),s.height=r):"link"===t.message&&(r=new URL(s.getAttribute("src")),n=new URL(t.value),c.test(n.protocol))&&n.host===r.host&&l.activeElement===s&&(d.top.location.href=t.value))}},d.addEventListener("message",d.wp.receiveEmbedMessage,!1),l.addEventListener("DOMContentLoaded",function(){for(var e,t,s=l.querySelectorAll("iframe.wp-embedded-content"),r=0;r<s.length;r++)(t=(e=s[r]).getAttribute("data-secret"))||(t=Math.random().toString(36).substring(2,12),e.src+="#?secret="+t,e.setAttribute("data-secret",t)),e.contentWindow.postMessage({message:"ready",secret:t},"*")},!1)))}(window,document);
//# sourceURL=https://kohenavocats.com/wp-includes/js/wp-embed.min.js
</script>

Förvaltningsdomstolen upphävde det beslut som yrkesläroanstaltens kollegiala organ hade fattat med vilket grundexamensstuderande A i september 2019 för viss tid avstängdes från läroanstalten fram till slutet av maj 2020. Läroanstalten anförde besvär över förvaltningsdomstolens beslut. Högsta förvaltningsdomstolen konstaterade att en tidsbunden avstängning av en studerande till sin natur är ett disciplinärt straff som med anledning...
