{"version":"1.0","provider_name":"Ma\u00eetre Hassan Kohen, avocat en droit p\u00e9nal \u00e0 Paris","provider_url":"https:\/\/kohenavocats.com\/ru\/","author_name":"Ma\u00eetre Hassan Kohen, avocat en droit p\u00e9nal \u00e0 Paris","author_url":"https:\/\/kohenavocats.com\/ru\/","title":"KHO:2023:57 - Markanv\u00e4ndning och byggande","type":"rich","width":600,"height":338,"html":"<blockquote class=\"wp-embedded-content\" data-secret=\"FgrTxejJh1\"><a href=\"https:\/\/kohenavocats.com\/ru\/jurisprudences\/kho202357-markanvandning-och-byggande\/\">KHO:2023:57 &#8212; Markanv\u00e4ndning och byggande<\/a><\/blockquote><iframe sandbox=\"allow-scripts\" security=\"restricted\" src=\"https:\/\/kohenavocats.com\/ru\/jurisprudences\/kho202357-markanvandning-och-byggande\/embed\/#?secret=FgrTxejJh1\" width=\"600\" height=\"338\" title=\"\u00abKHO:2023:57 &#8212; Markanv\u00e4ndning och byggande\u00bb &#8212; Ma\u00eetre Hassan Kohen, avocat en droit p\u00e9nal \u00e0 Paris\" data-secret=\"FgrTxejJh1\" frameborder=\"0\" marginwidth=\"0\" marginheight=\"0\" scrolling=\"no\" class=\"wp-embedded-content\"><\/iframe><script>\n\/*! This file is auto-generated *\/\n!function(d,l){\"use strict\";l.querySelector&&d.addEventListener&&\"undefined\"!=typeof URL&&(d.wp=d.wp||{},d.wp.receiveEmbedMessage||(d.wp.receiveEmbedMessage=function(e){var t=e.data;if((t||t.secret||t.message||t.value)&&!\/[^a-zA-Z0-9]\/.test(t.secret)){for(var s,r,n,a=l.querySelectorAll('iframe[data-secret=\"'+t.secret+'\"]'),o=l.querySelectorAll('blockquote[data-secret=\"'+t.secret+'\"]'),c=new RegExp(\"^https?:$\",\"i\"),i=0;i<o.length;i++)o[i].style.display=\"none\";for(i=0;i<a.length;i++)s=a[i],e.source===s.contentWindow&&(s.removeAttribute(\"style\"),\"height\"===t.message?(1e3<(r=parseInt(t.value,10))?r=1e3:~~r<200&&(r=200),s.height=r):\"link\"===t.message&&(r=new URL(s.getAttribute(\"src\")),n=new URL(t.value),c.test(n.protocol))&&n.host===r.host&&l.activeElement===s&&(d.top.location.href=t.value))}},d.addEventListener(\"message\",d.wp.receiveEmbedMessage,!1),l.addEventListener(\"DOMContentLoaded\",function(){for(var e,t,s=l.querySelectorAll(\"iframe.wp-embedded-content\"),r=0;r<s.length;r++)(t=(e=s[r]).getAttribute(\"data-secret\"))||(t=Math.random().toString(36).substring(2,12),e.src+=\"#?secret=\"+t,e.setAttribute(\"data-secret\",t)),e.contentWindow.postMessage({message:\"ready\",secret:t},\"*\")},!1)))}(window,document);\n\/\/# sourceURL=https:\/\/kohenavocats.com\/wp-includes\/js\/wp-embed.min.js\n<\/script>\n","description":"Kommunfullm\u00e4ktige godk\u00e4nde en delgeneralplan f\u00f6r vindkraft enligt vilken det var m\u00f6jligt att p\u00e5 de anvisade vindkraftsomr\u00e5dena placera sammanlagt 42 vindkraftsverk. Ett enskilt kraftverks maximih\u00f6jd \u00f6ver markytan fick vara h\u00f6gst 280 meter. Delgeneralplaneomr\u00e5det l\u00e5g delvis inom ett omr\u00e5de som i etapplandskapsplanen anvisats f\u00f6r vindkraft men en del av planomr\u00e5det och h\u00e4lften det vill s\u00e4ga 21 av..."}

Maître Hassan Kohen, avocat en droit pénal à Paris

KHO:2023:57 - Markanvändning och byggande

<blockquote class="wp-embedded-content" data-secret="FgrTxejJh1"><a href="https://kohenavocats.com/ru/jurisprudences/kho202357-markanvandning-och-byggande/">KHO:2023:57 &#8212; Markanvändning och byggande</a></blockquote><iframe sandbox="allow-scripts" security="restricted" src="https://kohenavocats.com/ru/jurisprudences/kho202357-markanvandning-och-byggande/embed/#?secret=FgrTxejJh1" width="600" height="338" title="«KHO:2023:57 &#8212; Markanvändning och byggande» &#8212; Maître Hassan Kohen, avocat en droit pénal à Paris" data-secret="FgrTxejJh1" frameborder="0" marginwidth="0" marginheight="0" scrolling="no" class="wp-embedded-content"></iframe><script>
/*! This file is auto-generated */
!function(d,l){"use strict";l.querySelector&&d.addEventListener&&"undefined"!=typeof URL&&(d.wp=d.wp||{},d.wp.receiveEmbedMessage||(d.wp.receiveEmbedMessage=function(e){var t=e.data;if((t||t.secret||t.message||t.value)&&!/[^a-zA-Z0-9]/.test(t.secret)){for(var s,r,n,a=l.querySelectorAll('iframe[data-secret="'+t.secret+'"]'),o=l.querySelectorAll('blockquote[data-secret="'+t.secret+'"]'),c=new RegExp("^https?:$","i"),i=0;i<o.length;i++)o[i].style.display="none";for(i=0;i<a.length;i++)s=a[i],e.source===s.contentWindow&&(s.removeAttribute("style"),"height"===t.message?(1e3<(r=parseInt(t.value,10))?r=1e3:~~r<200&&(r=200),s.height=r):"link"===t.message&&(r=new URL(s.getAttribute("src")),n=new URL(t.value),c.test(n.protocol))&&n.host===r.host&&l.activeElement===s&&(d.top.location.href=t.value))}},d.addEventListener("message",d.wp.receiveEmbedMessage,!1),l.addEventListener("DOMContentLoaded",function(){for(var e,t,s=l.querySelectorAll("iframe.wp-embedded-content"),r=0;r<s.length;r++)(t=(e=s[r]).getAttribute("data-secret"))||(t=Math.random().toString(36).substring(2,12),e.src+="#?secret="+t,e.setAttribute("data-secret",t)),e.contentWindow.postMessage({message:"ready",secret:t},"*")},!1)))}(window,document);
//# sourceURL=https://kohenavocats.com/wp-includes/js/wp-embed.min.js
</script>

Kommunfullmäktige godkände en delgeneralplan för vindkraft enligt vilken det var möjligt att på de anvisade vindkraftsområdena placera sammanlagt 42 vindkraftsverk. Ett enskilt kraftverks maximihöjd över markytan fick vara högst 280 meter. Delgeneralplaneområdet låg delvis inom ett område som i etapplandskapsplanen anvisats för vindkraft men en del av planområdet och hälften det vill säga 21 av...
