{"id":574687,"date":"2026-04-16T04:15:53","date_gmt":"2026-04-16T02:15:53","guid":{"rendered":"https:\/\/kohenavocats.com\/jurisprudences\/pro-teck-electrical-limited-v-the-pensions-regulator\/"},"modified":"2026-04-16T04:15:53","modified_gmt":"2026-04-16T02:15:53","slug":"pro-teck-electrical-limited-v-the-pensions-regulator","status":"publish","type":"kji_decision","link":"https:\/\/kohenavocats.com\/ru\/jurisprudences\/pro-teck-electrical-limited-v-the-pensions-regulator\/","title":{"rendered":"Pro-Teck Electrical Limited v The Pensions Regulator"},"content":{"rendered":"<div class=\"kji-decision\">\n<div class=\"kji-full-text\">\n<p>1. The Appellant was given two opportunities to complete and return the &quot;Pensions &#8212; right to appeal&quot; form yet has failed to do so. 2. The Case Management Directions dated 1 August 2024 advised the Appellant that failure to comply with the direction to complete and return the &quot;Pensions &#8212; right to appeal&quot; form could lead to the Tribunal striking out their appeal under Rule 8(3)(a) of The Tribunal Procedure (First-tier Tribunal) (General Regulatory Chamber) Rules 2009 without further direction.<\/p>\n<\/div>\n<hr class=\"kji-sep\" \/>\n<p class=\"kji-source-links\"><strong>Sources officielles :<\/strong> <a class=\"kji-source-link\" href=\"https:\/\/caselaw.nationalarchives.gov.uk\/ukftt\/grc\/2025\/785\" target=\"_blank\" rel=\"noopener noreferrer\">consulter la page source<\/a><\/p>\n<p class=\"kji-license-note\"><em>Open Justice Licence (The National Archives).<\/em><\/p>\n<\/div>\n","protected":false},"excerpt":{"rendered":"<p>1. The Appellant was given two opportunities to complete and return the &#171;Pensions &#8212; right to appeal&#187; form yet has failed to do so. 2. The Case Management Directions dated 1 August 2024 advised the Appellant that failure to comply with the direction to complete and return the &#171;Pensions &#8212; right to appeal&#187; form could lead to the Tribunal striking&#8230;<\/p>\n","protected":false},"featured_media":0,"template":"","meta":{"_crdt_document":""},"kji_country":[7608],"kji_court":[7880],"kji_chamber":[],"kji_year":[8463],"kji_subject":[7646],"kji_keyword":[7705,7633,16363,7883,7636],"kji_language":[7611],"class_list":["post-574687","kji_decision","type-kji_decision","status-publish","hentry","kji_country-royaume-uni","kji_court-first-tier-tribunal-general-regulatory-chamber-pensions","kji_year-8463","kji_subject-divers","kji_keyword-appeal","kji_keyword-appellant","kji_keyword-complete","kji_keyword-pensions","kji_keyword-tribunal","kji_language-anglais"],"yoast_head":"<!-- This site is optimized with the Yoast SEO Premium plugin v27.4 (Yoast SEO v27.4) - https:\/\/yoast.com\/product\/yoast-seo-premium-wordpress\/ -->\n<title>Pro-Teck Electrical Limited v The Pensions Regulator - Ma\u00eetre Hassan Kohen, avocat en droit p\u00e9nal \u00e0 Paris<\/title>\n<meta name=\"robots\" content=\"index, follow, max-snippet:-1, max-image-preview:large, max-video-preview:-1\" \/>\n<link rel=\"canonical\" href=\"https:\/\/kohenavocats.com\/ru\/jurisprudences\/pro-teck-electrical-limited-v-the-pensions-regulator\/\" \/>\n<meta property=\"og:locale\" content=\"ru_RU\" \/>\n<meta property=\"og:type\" content=\"article\" \/>\n<meta property=\"og:title\" content=\"Pro-Teck Electrical Limited v The Pensions Regulator\" \/>\n<meta property=\"og:description\" content=\"1. The Appellant was given two opportunities to complete and return the &quot;Pensions - right to appeal&quot; form yet has failed to do so. 2. The Case Management Directions dated 1 August 2024 advised the Appellant that failure to comply with the direction to complete and return the &quot;Pensions - right to appeal&quot; form could lead to the Tribunal striking...\" \/>\n<meta property=\"og:url\" content=\"https:\/\/kohenavocats.com\/ru\/jurisprudences\/pro-teck-electrical-limited-v-the-pensions-regulator\/\" \/>\n<meta property=\"og:site_name\" content=\"Ma\u00eetre Hassan Kohen, avocat en droit p\u00e9nal \u00e0 Paris\" \/>\n<meta name=\"twitter:card\" content=\"summary_large_image\" \/>\n<script type=\"application\/ld+json\" class=\"yoast-schema-graph\">{\"@context\":\"https:\\\/\\\/schema.org\",\"@graph\":[{\"@type\":\"WebPage\",\"@id\":\"https:\\\/\\\/kohenavocats.com\\\/ru\\\/jurisprudences\\\/pro-teck-electrical-limited-v-the-pensions-regulator\\\/\",\"url\":\"https:\\\/\\\/kohenavocats.com\\\/ru\\\/jurisprudences\\\/pro-teck-electrical-limited-v-the-pensions-regulator\\\/\",\"name\":\"Pro-Teck Electrical Limited v The Pensions Regulator - Ma\u00eetre Hassan Kohen, avocat en droit p\u00e9nal \u00e0 Paris\",\"isPartOf\":{\"@id\":\"https:\\\/\\\/kohenavocats.com\\\/ru\\\/#website\"},\"datePublished\":\"2026-04-16T02:15:53+00:00\",\"breadcrumb\":{\"@id\":\"https:\\\/\\\/kohenavocats.com\\\/ru\\\/jurisprudences\\\/pro-teck-electrical-limited-v-the-pensions-regulator\\\/#breadcrumb\"},\"inLanguage\":\"ru-RU\",\"potentialAction\":[{\"@type\":\"ReadAction\",\"target\":[\"https:\\\/\\\/kohenavocats.com\\\/ru\\\/jurisprudences\\\/pro-teck-electrical-limited-v-the-pensions-regulator\\\/\"]}]},{\"@type\":\"BreadcrumbList\",\"@id\":\"https:\\\/\\\/kohenavocats.com\\\/ru\\\/jurisprudences\\\/pro-teck-electrical-limited-v-the-pensions-regulator\\\/#breadcrumb\",\"itemListElement\":[{\"@type\":\"ListItem\",\"position\":1,\"name\":\"Home\",\"item\":\"https:\\\/\\\/kohenavocats.com\\\/ru\\\/avocats-en-droit-penal-a-paris-conseil-et-defense-strategique\\\/\"},{\"@type\":\"ListItem\",\"position\":2,\"name\":\"Jurisprudences\",\"item\":\"https:\\\/\\\/kohenavocats.com\\\/ru\\\/jurisprudences\\\/\"},{\"@type\":\"ListItem\",\"position\":3,\"name\":\"Pro-Teck Electrical Limited v The Pensions Regulator\"}]},{\"@type\":\"WebSite\",\"@id\":\"https:\\\/\\\/kohenavocats.com\\\/ru\\\/#website\",\"url\":\"https:\\\/\\\/kohenavocats.com\\\/ru\\\/\",\"name\":\"Kohen Avocats\",\"description\":\"Ma\u00eetre Hassan Kohen, avocat p\u00e9naliste \u00e0 Paris, intervient exclusivement en droit p\u00e9nal pour la d\u00e9fense des particuliers, notamment en mati\u00e8re d\u2019accusations de viol. Il assure un accompagnement rigoureux d\u00e8s la garde \u00e0 vue jusqu\u2019\u00e0 la Cour d\u2019assises, veillant au strict respect des garanties proc\u00e9durales.\",\"publisher\":{\"@id\":\"https:\\\/\\\/kohenavocats.com\\\/ru\\\/#organization\"},\"potentialAction\":[{\"@type\":\"SearchAction\",\"target\":{\"@type\":\"EntryPoint\",\"urlTemplate\":\"https:\\\/\\\/kohenavocats.com\\\/ru\\\/?s={search_term_string}\"},\"query-input\":{\"@type\":\"PropertyValueSpecification\",\"valueRequired\":true,\"valueName\":\"search_term_string\"}}],\"inLanguage\":\"ru-RU\"},{\"@type\":\"Organization\",\"@id\":\"https:\\\/\\\/kohenavocats.com\\\/ru\\\/#organization\",\"name\":\"Kohen Avocats\",\"url\":\"https:\\\/\\\/kohenavocats.com\\\/ru\\\/\",\"logo\":{\"@type\":\"ImageObject\",\"inLanguage\":\"ru-RU\",\"@id\":\"https:\\\/\\\/kohenavocats.com\\\/ru\\\/#\\\/schema\\\/logo\\\/image\\\/\",\"url\":\"https:\\\/\\\/kohenavocats.com\\\/wp-content\\\/uploads\\\/2026\\\/01\\\/Logo-2-1.webp\",\"contentUrl\":\"https:\\\/\\\/kohenavocats.com\\\/wp-content\\\/uploads\\\/2026\\\/01\\\/Logo-2-1.webp\",\"width\":2114,\"height\":1253,\"caption\":\"Kohen Avocats\"},\"image\":{\"@id\":\"https:\\\/\\\/kohenavocats.com\\\/ru\\\/#\\\/schema\\\/logo\\\/image\\\/\"}}]}<\/script>\n<!-- \/ Yoast SEO Premium plugin. -->","yoast_head_json":{"title":"Pro-Teck Electrical Limited v The Pensions Regulator - Ma\u00eetre Hassan Kohen, avocat en droit p\u00e9nal \u00e0 Paris","robots":{"index":"index","follow":"follow","max-snippet":"max-snippet:-1","max-image-preview":"max-image-preview:large","max-video-preview":"max-video-preview:-1"},"canonical":"https:\/\/kohenavocats.com\/ru\/jurisprudences\/pro-teck-electrical-limited-v-the-pensions-regulator\/","og_locale":"ru_RU","og_type":"article","og_title":"Pro-Teck Electrical Limited v The Pensions Regulator","og_description":"1. The Appellant was given two opportunities to complete and return the \"Pensions - right to appeal\" form yet has failed to do so. 2. The Case Management Directions dated 1 August 2024 advised the Appellant that failure to comply with the direction to complete and return the \"Pensions - right to appeal\" form could lead to the Tribunal striking...","og_url":"https:\/\/kohenavocats.com\/ru\/jurisprudences\/pro-teck-electrical-limited-v-the-pensions-regulator\/","og_site_name":"Ma\u00eetre Hassan Kohen, avocat en droit p\u00e9nal \u00e0 Paris","twitter_card":"summary_large_image","schema":{"@context":"https:\/\/schema.org","@graph":[{"@type":"WebPage","@id":"https:\/\/kohenavocats.com\/ru\/jurisprudences\/pro-teck-electrical-limited-v-the-pensions-regulator\/","url":"https:\/\/kohenavocats.com\/ru\/jurisprudences\/pro-teck-electrical-limited-v-the-pensions-regulator\/","name":"Pro-Teck Electrical Limited v The Pensions Regulator - Ma\u00eetre Hassan Kohen, avocat en droit p\u00e9nal \u00e0 Paris","isPartOf":{"@id":"https:\/\/kohenavocats.com\/ru\/#website"},"datePublished":"2026-04-16T02:15:53+00:00","breadcrumb":{"@id":"https:\/\/kohenavocats.com\/ru\/jurisprudences\/pro-teck-electrical-limited-v-the-pensions-regulator\/#breadcrumb"},"inLanguage":"ru-RU","potentialAction":[{"@type":"ReadAction","target":["https:\/\/kohenavocats.com\/ru\/jurisprudences\/pro-teck-electrical-limited-v-the-pensions-regulator\/"]}]},{"@type":"BreadcrumbList","@id":"https:\/\/kohenavocats.com\/ru\/jurisprudences\/pro-teck-electrical-limited-v-the-pensions-regulator\/#breadcrumb","itemListElement":[{"@type":"ListItem","position":1,"name":"Home","item":"https:\/\/kohenavocats.com\/ru\/avocats-en-droit-penal-a-paris-conseil-et-defense-strategique\/"},{"@type":"ListItem","position":2,"name":"Jurisprudences","item":"https:\/\/kohenavocats.com\/ru\/jurisprudences\/"},{"@type":"ListItem","position":3,"name":"Pro-Teck Electrical Limited v The Pensions Regulator"}]},{"@type":"WebSite","@id":"https:\/\/kohenavocats.com\/ru\/#website","url":"https:\/\/kohenavocats.com\/ru\/","name":"Kohen Avocats","description":"Ma\u00eetre Hassan Kohen, avocat p\u00e9naliste \u00e0 Paris, intervient exclusivement en droit p\u00e9nal pour la d\u00e9fense des particuliers, notamment en mati\u00e8re d\u2019accusations de viol. Il assure un accompagnement rigoureux d\u00e8s la garde \u00e0 vue jusqu\u2019\u00e0 la Cour d\u2019assises, veillant au strict respect des garanties proc\u00e9durales.","publisher":{"@id":"https:\/\/kohenavocats.com\/ru\/#organization"},"potentialAction":[{"@type":"SearchAction","target":{"@type":"EntryPoint","urlTemplate":"https:\/\/kohenavocats.com\/ru\/?s={search_term_string}"},"query-input":{"@type":"PropertyValueSpecification","valueRequired":true,"valueName":"search_term_string"}}],"inLanguage":"ru-RU"},{"@type":"Organization","@id":"https:\/\/kohenavocats.com\/ru\/#organization","name":"Kohen Avocats","url":"https:\/\/kohenavocats.com\/ru\/","logo":{"@type":"ImageObject","inLanguage":"ru-RU","@id":"https:\/\/kohenavocats.com\/ru\/#\/schema\/logo\/image\/","url":"https:\/\/kohenavocats.com\/wp-content\/uploads\/2026\/01\/Logo-2-1.webp","contentUrl":"https:\/\/kohenavocats.com\/wp-content\/uploads\/2026\/01\/Logo-2-1.webp","width":2114,"height":1253,"caption":"Kohen Avocats"},"image":{"@id":"https:\/\/kohenavocats.com\/ru\/#\/schema\/logo\/image\/"}}]}},"jetpack_likes_enabled":false,"jetpack_sharing_enabled":true,"_links":{"self":[{"href":"https:\/\/kohenavocats.com\/ru\/wp-json\/wp\/v2\/kji_decision\/574687","targetHints":{"allow":["GET"]}}],"collection":[{"href":"https:\/\/kohenavocats.com\/ru\/wp-json\/wp\/v2\/kji_decision"}],"about":[{"href":"https:\/\/kohenavocats.com\/ru\/wp-json\/wp\/v2\/types\/kji_decision"}],"wp:attachment":[{"href":"https:\/\/kohenavocats.com\/ru\/wp-json\/wp\/v2\/media?parent=574687"}],"wp:term":[{"taxonomy":"kji_country","embeddable":true,"href":"https:\/\/kohenavocats.com\/ru\/wp-json\/wp\/v2\/kji_country?post=574687"},{"taxonomy":"kji_court","embeddable":true,"href":"https:\/\/kohenavocats.com\/ru\/wp-json\/wp\/v2\/kji_court?post=574687"},{"taxonomy":"kji_chamber","embeddable":true,"href":"https:\/\/kohenavocats.com\/ru\/wp-json\/wp\/v2\/kji_chamber?post=574687"},{"taxonomy":"kji_year","embeddable":true,"href":"https:\/\/kohenavocats.com\/ru\/wp-json\/wp\/v2\/kji_year?post=574687"},{"taxonomy":"kji_subject","embeddable":true,"href":"https:\/\/kohenavocats.com\/ru\/wp-json\/wp\/v2\/kji_subject?post=574687"},{"taxonomy":"kji_keyword","embeddable":true,"href":"https:\/\/kohenavocats.com\/ru\/wp-json\/wp\/v2\/kji_keyword?post=574687"},{"taxonomy":"kji_language","embeddable":true,"href":"https:\/\/kohenavocats.com\/ru\/wp-json\/wp\/v2\/kji_language?post=574687"}],"curies":[{"name":"wp","href":"https:\/\/api.w.org\/{rel}","templated":true}]}}

<!-- This site is optimized with the Yoast SEO Premium plugin v27.4 (Yoast SEO v27.4) - https://yoast.com/product/yoast-seo-premium-wordpress/ -->
<title>Pro-Teck Electrical Limited v The Pensions Regulator - Maître Hassan Kohen, avocat en droit pénal à Paris</title>
<meta name="robots" content="index, follow, max-snippet:-1, max-image-preview:large, max-video-preview:-1" />
<link rel="canonical" href="https://kohenavocats.com/ru/jurisprudences/pro-teck-electrical-limited-v-the-pensions-regulator/" />
<meta property="og:locale" content="ru_RU" />
<meta property="og:type" content="article" />
<meta property="og:title" content="Pro-Teck Electrical Limited v The Pensions Regulator" />
<meta property="og:description" content="1. The Appellant was given two opportunities to complete and return the &quot;Pensions - right to appeal&quot; form yet has failed to do so. 2. The Case Management Directions dated 1 August 2024 advised the Appellant that failure to comply with the direction to complete and return the &quot;Pensions - right to appeal&quot; form could lead to the Tribunal striking..." />
<meta property="og:url" content="https://kohenavocats.com/ru/jurisprudences/pro-teck-electrical-limited-v-the-pensions-regulator/" />
<meta property="og:site_name" content="Maître Hassan Kohen, avocat en droit pénal à Paris" />
<meta name="twitter:card" content="summary_large_image" />
<script type="application/ld+json" class="yoast-schema-graph">{"@context":"https:\/\/schema.org","@graph":[{"@type":"WebPage","@id":"https:\/\/kohenavocats.com\/ru\/jurisprudences\/pro-teck-electrical-limited-v-the-pensions-regulator\/","url":"https:\/\/kohenavocats.com\/ru\/jurisprudences\/pro-teck-electrical-limited-v-the-pensions-regulator\/","name":"Pro-Teck Electrical Limited v The Pensions Regulator - Maître Hassan Kohen, avocat en droit pénal à Paris","isPartOf":{"@id":"https:\/\/kohenavocats.com\/ru\/#website"},"datePublished":"2026-04-16T02:15:53+00:00","breadcrumb":{"@id":"https:\/\/kohenavocats.com\/ru\/jurisprudences\/pro-teck-electrical-limited-v-the-pensions-regulator\/#breadcrumb"},"inLanguage":"ru-RU","potentialAction":[{"@type":"ReadAction","target":["https:\/\/kohenavocats.com\/ru\/jurisprudences\/pro-teck-electrical-limited-v-the-pensions-regulator\/"]}]},{"@type":"BreadcrumbList","@id":"https:\/\/kohenavocats.com\/ru\/jurisprudences\/pro-teck-electrical-limited-v-the-pensions-regulator\/#breadcrumb","itemListElement":[{"@type":"ListItem","position":1,"name":"Home","item":"https:\/\/kohenavocats.com\/ru\/avocats-en-droit-penal-a-paris-conseil-et-defense-strategique\/"},{"@type":"ListItem","position":2,"name":"Jurisprudences","item":"https:\/\/kohenavocats.com\/ru\/jurisprudences\/"},{"@type":"ListItem","position":3,"name":"Pro-Teck Electrical Limited v The Pensions Regulator"}]},{"@type":"WebSite","@id":"https:\/\/kohenavocats.com\/ru\/#website","url":"https:\/\/kohenavocats.com\/ru\/","name":"Kohen Avocats","description":"Maître Hassan Kohen, avocat pénaliste à Paris, intervient exclusivement en droit pénal pour la défense des particuliers, notamment en matière d’accusations de viol. Il assure un accompagnement rigoureux dès la garde à vue jusqu’à la Cour d’assises, veillant au strict respect des garanties procédurales.","publisher":{"@id":"https:\/\/kohenavocats.com\/ru\/#organization"},"potentialAction":[{"@type":"SearchAction","target":{"@type":"EntryPoint","urlTemplate":"https:\/\/kohenavocats.com\/ru\/?s={search_term_string}"},"query-input":{"@type":"PropertyValueSpecification","valueRequired":true,"valueName":"search_term_string"}}],"inLanguage":"ru-RU"},{"@type":"Organization","@id":"https:\/\/kohenavocats.com\/ru\/#organization","name":"Kohen Avocats","url":"https:\/\/kohenavocats.com\/ru\/","logo":{"@type":"ImageObject","inLanguage":"ru-RU","@id":"https:\/\/kohenavocats.com\/ru\/#\/schema\/logo\/image\/","url":"https:\/\/kohenavocats.com\/wp-content\/uploads\/2026\/01\/Logo-2-1.webp","contentUrl":"https:\/\/kohenavocats.com\/wp-content\/uploads\/2026\/01\/Logo-2-1.webp","width":2114,"height":1253,"caption":"Kohen Avocats"},"image":{"@id":"https:\/\/kohenavocats.com\/ru\/#\/schema\/logo\/image\/"}}]}</script>
<!-- / Yoast SEO Premium plugin. -->

Pro-Teck Electrical Limited v The Pensions Regulator - Maître Hassan Kohen, avocat en droit pénal à Paris

Maître Hassan Kohen, avocat en droit pénal à Paris

Maître Hassan Kohen, avocat pénaliste à Paris, intervient exclusivement en droit pénal pour la défense des particuliers, notamment en matière d’accusations de viol. Il assure un accompagnement rigoureux dès la garde à vue jusqu’à la Cour d’assises, veillant au strict respect des garanties procédurales.
