{"version":"1.0","provider_name":"Ma\u00eetre Hassan Kohen, avocat en droit p\u00e9nal \u00e0 Paris","provider_url":"https:\/\/kohenavocats.com\/zh-hans\/","author_name":"Ma\u00eetre Hassan Kohen, avocat en droit p\u00e9nal \u00e0 Paris","author_url":"https:\/\/kohenavocats.com\/zh-hans\/","title":"KKO:2026:12 - Arbetsavtal","type":"rich","width":600,"height":338,"html":"<blockquote class=\"wp-embedded-content\" data-secret=\"qMFwWZToZw\"><a href=\"https:\/\/kohenavocats.com\/zh-hans\/jurisprudences\/kko202612-arbetsavtal\/\">KKO:2026:12 &#8211; Arbetsavtal<\/a><\/blockquote><iframe sandbox=\"allow-scripts\" security=\"restricted\" src=\"https:\/\/kohenavocats.com\/zh-hans\/jurisprudences\/kko202612-arbetsavtal\/embed\/#?secret=qMFwWZToZw\" width=\"600\" height=\"338\" title=\"\u300a KKO:2026:12 &#8211; Arbetsavtal \u300b\u2014Ma\u00eetre Hassan Kohen, avocat en droit p\u00e9nal \u00e0 Paris\" data-secret=\"qMFwWZToZw\" frameborder=\"0\" marginwidth=\"0\" marginheight=\"0\" scrolling=\"no\" class=\"wp-embedded-content\"><\/iframe><script>\n\/*! This file is auto-generated *\/\n!function(d,l){\"use strict\";l.querySelector&&d.addEventListener&&\"undefined\"!=typeof URL&&(d.wp=d.wp||{},d.wp.receiveEmbedMessage||(d.wp.receiveEmbedMessage=function(e){var t=e.data;if((t||t.secret||t.message||t.value)&&!\/[^a-zA-Z0-9]\/.test(t.secret)){for(var s,r,n,a=l.querySelectorAll('iframe[data-secret=\"'+t.secret+'\"]'),o=l.querySelectorAll('blockquote[data-secret=\"'+t.secret+'\"]'),c=new RegExp(\"^https?:$\",\"i\"),i=0;i<o.length;i++)o[i].style.display=\"none\";for(i=0;i<a.length;i++)s=a[i],e.source===s.contentWindow&&(s.removeAttribute(\"style\"),\"height\"===t.message?(1e3<(r=parseInt(t.value,10))?r=1e3:~~r<200&&(r=200),s.height=r):\"link\"===t.message&&(r=new URL(s.getAttribute(\"src\")),n=new URL(t.value),c.test(n.protocol))&&n.host===r.host&&l.activeElement===s&&(d.top.location.href=t.value))}},d.addEventListener(\"message\",d.wp.receiveEmbedMessage,!1),l.addEventListener(\"DOMContentLoaded\",function(){for(var e,t,s=l.querySelectorAll(\"iframe.wp-embedded-content\"),r=0;r<s.length;r++)(t=(e=s[r]).getAttribute(\"data-secret\"))||(t=Math.random().toString(36).substring(2,12),e.src+=\"#?secret=\"+t,e.setAttribute(\"data-secret\",t)),e.contentWindow.postMessage({message:\"ready\",secret:t},\"*\")},!1)))}(window,document);\n\/\/# sourceURL=https:\/\/kohenavocats.com\/wp-includes\/js\/wp-embed.min.js\n<\/script>\n","description":"I skriftliga arbetsavtal hade slagits fast att arbetstiden best\u00e4mdes enligt arbetstidslagen och p\u00e5 basis av vid varje tidpunkt g\u00e4llande kollektivavtal. Kollektivavtalets best\u00e4mmelser om dagliga vilotider gjorde det m\u00f6jligt att ordna m\u00e5ltiderna antingen vid sidan av arbetet som avl\u00f6nad arbetstid eller som separat, oavl\u00f6nad vilotid utanf\u00f6r arbetstiden. Arbetsgivaren hade under m\u00e5nga \u00e5r till\u00e4mpat en praxis enligt..."}

Maître Hassan Kohen, avocat en droit pénal à Paris

<blockquote class="wp-embedded-content" data-secret="qMFwWZToZw"><a href="https://kohenavocats.com/zh-hans/jurisprudences/kko202612-arbetsavtal/">KKO:2026:12 &#8211; Arbetsavtal</a></blockquote><iframe sandbox="allow-scripts" security="restricted" src="https://kohenavocats.com/zh-hans/jurisprudences/kko202612-arbetsavtal/embed/#?secret=qMFwWZToZw" width="600" height="338" title="《 KKO:2026:12 &#8211; Arbetsavtal 》—Maître Hassan Kohen, avocat en droit pénal à Paris" data-secret="qMFwWZToZw" frameborder="0" marginwidth="0" marginheight="0" scrolling="no" class="wp-embedded-content"></iframe><script>
/*! This file is auto-generated */
!function(d,l){"use strict";l.querySelector&&d.addEventListener&&"undefined"!=typeof URL&&(d.wp=d.wp||{},d.wp.receiveEmbedMessage||(d.wp.receiveEmbedMessage=function(e){var t=e.data;if((t||t.secret||t.message||t.value)&&!/[^a-zA-Z0-9]/.test(t.secret)){for(var s,r,n,a=l.querySelectorAll('iframe[data-secret="'+t.secret+'"]'),o=l.querySelectorAll('blockquote[data-secret="'+t.secret+'"]'),c=new RegExp("^https?:$","i"),i=0;i<o.length;i++)o[i].style.display="none";for(i=0;i<a.length;i++)s=a[i],e.source===s.contentWindow&&(s.removeAttribute("style"),"height"===t.message?(1e3<(r=parseInt(t.value,10))?r=1e3:~~r<200&&(r=200),s.height=r):"link"===t.message&&(r=new URL(s.getAttribute("src")),n=new URL(t.value),c.test(n.protocol))&&n.host===r.host&&l.activeElement===s&&(d.top.location.href=t.value))}},d.addEventListener("message",d.wp.receiveEmbedMessage,!1),l.addEventListener("DOMContentLoaded",function(){for(var e,t,s=l.querySelectorAll("iframe.wp-embedded-content"),r=0;r<s.length;r++)(t=(e=s[r]).getAttribute("data-secret"))||(t=Math.random().toString(36).substring(2,12),e.src+="#?secret="+t,e.setAttribute("data-secret",t)),e.contentWindow.postMessage({message:"ready",secret:t},"*")},!1)))}(window,document);
//# sourceURL=https://kohenavocats.com/wp-includes/js/wp-embed.min.js
</script>

I skriftliga arbetsavtal hade slagits fast att arbetstiden bestämdes enligt arbetstidslagen och på basis av vid varje tidpunkt gällande kollektivavtal. Kollektivavtalets bestämmelser om dagliga vilotider gjorde det möjligt att ordna måltiderna antingen vid sidan av arbetet som avlönad arbetstid eller som separat, oavlönad vilotid utanför arbetstiden. Arbetsgivaren hade under många år tillämpat en praxis enligt...
